 443
List the prime factors of 862.
2, 431
List the prime factors of 5183.
71, 73
List the prime factors of 134.
2, 67
List the prime factors of 19088.
2, 1193
What are the prime factors of 42?
2, 3, 7
List the prime factors of 3326.
2, 1663
List the prime factors of 37658.
2, 19, 991
What are the prime factors of 19567?
17, 1151
List the prime factors of 1132.
2, 283
What are the prime factors of 260?
2, 5, 13
What are the prime factors of 1131?
3, 13, 29
What are the prime factors of 9745?
5, 1949
What are the prime factors of 121944?
2, 3, 5081
List the prime factors of 3543.
3, 1181
List the prime factors of 42797.
42797
What are the prime factors of 2024?
2, 11, 23
What are the prime factors of 840?
2, 3, 5, 7
List the prime factors of 9951.
3, 31, 107
List the prime factors of 78688.
2, 2459
List the prime factors of 2979.
3, 331
What are the prime factors of 907?
907
What are the prime factors of 997?
997
List the prime factors of 2966.
2, 1483
What are the prime factors of 8310?
2, 3, 5, 277
List the prime factors of 34489.
7, 13, 379
List the prime factors of 44913.
3, 11, 1361
List the prime factors of 5431.
5431
List the prime factors of 4574.
2, 2287
What are the prime factors of 101071?
53, 1907
List the prime factors of 569.
569
List the prime factors of 30455.
5, 6091
List the prime factors of 15709.
23, 683
List the prime factors of 336.
2, 3, 7
List the prime factors of 40106.
2, 11, 1823
List the prime factors of 126848.
2, 991
List the prime factors of 41086.
2, 20543
What are the prime factors of 795?
3, 5, 53
What are the prime factors of 470?
2, 5, 47
List the prime factors of 15461.
15461
What are the prime factors of 164188?
2, 41047
What are the prime factors of 33438?
2, 3, 5573
List the prime factors of 2275.
5, 7, 13
List the prime factors of 145882.
2, 11, 19, 349
List the prime factors of 333.
3, 37
What are the prime factors of 95242?
2, 7, 6803
What are the prime factors of 6677?
11, 607
List the prime factors of 2117.
29, 73
List the prime factors of 37533.
3, 12511
What are the prime factors of 134?
2, 67
What are the prime factors of 139005?
3, 5, 3089
List the prime factors of 1493.
1493
List the prime factors of 1696.
2, 53
What are the prime factors of 1260?
2, 3, 5, 7
What are the prime factors of 9847?
43, 229
What are the prime factors of 416?
2, 13
List the prime factors of 829.
829
List the prime factors of 27822.
2, 3, 4637
What are the prime factors of 786?
2, 3, 131
List the prime factors of 56491.
17, 3323
What are the prime factors of 4314?
2, 3, 719
List the prime factors of 44995.
5, 8999
List the prime factors of 13198.
2, 6599
What are the prime factors of 1463?
7, 11, 19
List the prime factors of 113064.
2, 3, 7, 673
List the prime factors of 3092.
2, 773
What are the prime factors of 150?
2, 3, 5
What are the prime factors of 888?
2, 3, 37
List the prime factors of 26954.
2, 13477
What are the prime factors of 484?
2, 11
What are the prime factors of 100773?
3, 11197
What are the prime factors of 1407?
3, 7, 67
List the prime factors of 3411.
3, 379
What are the prime factors of 11310?
2, 3, 5, 13, 29
What are the prime factors of 82331?
17, 29, 167
What are the prime factors of 46147?
46147
What are the prime factors of 1178?
2, 19, 31
What are the prime factors of 4816?
2, 7, 43
List the prime factors of 25922.
2, 13, 997
What are the prime factors of 117770?
2, 5, 11777
List the prime factors of 181523.
181523
List the prime factors of 17477.
17477
What are the prime factors of 31022?
2, 15511
List the prime factors of 84191.
84191
What are the prime factors of 2397?
3, 17, 47
What are the prime factors of 2091?
3, 17, 41
What are the prime factors of 11719?
11719
What are the prime factors of 42222?
2, 3, 31, 227
What are the prime factors of 5230?
2, 5, 523
What are the prime factors of 10141?
10141
List the prime factors of 23492.
2, 7, 839
What are the prime factors of 49742?
2, 7, 11, 17, 19
List the prime factors of 458.
2, 229
What are the prime factors of 5299?
7, 757
List the prime factors of 1633.
23, 71
List the prime factors of 7851.
3, 2617
List the prime factors of 442.
2, 13, 17
What are the prime factors of 56237?
56237
List the prime factors of 6231.
3, 31, 67
List the prime factors of 21521.
21521
What are the prime factors of 22027?
22027
List the prime factors of 15169.
7, 11, 197
List the prime factors of 967.
967
What are the prime factors of 3098?
2, 1549
What are the prime factors of 1279?
1279
What are the prime factors of 1120?
2, 5, 7
What are the prime factors of 6078?
2, 3, 1013
List the prime factors of 37235.
5, 11, 677
List the prime factors of 415.
5, 83
What are the prime factors of 3599?
59, 61
List the prime factors of 7478.
2, 3739
What are the prime factors of 5854?
2, 2927
What are the prime factors of 1264?
2, 79
List the prime factors of 1759.
1759
What are the prime factors of 2861?
2861
What are the prime factors of 1883?
7, 269
What are the prime factors of 4607?
17, 271
What are the prime factors of 11389?
7, 1627
List the prime factors of 22728.
2, 3, 947
What are the prime factors of 68891?
68891
List the prime factors of 10045.
5, 7, 41
List the prime factors of 1122.
2, 3, 11, 17
What are the prime factors of 1255?
5, 251
List the prime factors of 563.
563
List the prime factors of 134053.
134053
What are the prime factors of 5276?
2, 1319
What are the prime factors of 171720?
2, 3, 5, 53
List the prime factors of 9925.
5, 397
List the prime factors of 696.
2, 3, 29
What are the prime factors of 2030?
2, 5, 7, 29
List the prime factors of 270.
2, 3, 5
What are the prime factors of 6907?
6907
List the prime factors of 6645.
3, 5, 443
What are the prime factors of 350?
2, 5, 7
List the prime factors of 23984.
2, 1499
List the prime factors of 905.
5, 181
List the prime factors of 40618.
2, 23, 883
What are the prime factors of 185?
5, 37
What are the prime factors of 536?
2, 67
What are the prime factors of 28106?
2, 13, 23, 47
List the prime factors of 67617.
3, 11, 683
List the prime factors of 924.
2, 3, 7, 11
List the prime factors of 5440.
2, 5, 17
What are the prime factors of 1065?
3, 5, 71
What are the prime factors of 1806?
2, 3, 7, 43
List the prime factors of 655.
5, 131
List the prime factors of 1051.
1051
What are the prime factors of 9395?
5, 1879
What are the prime factors of 27749?
27749
List the prime factors of 31006.
2, 37, 419
List the prime factors of 2000.
2, 5
List the prime factors of 52821.
3, 5869
List the prime factors of 14275.
5, 571
List the prime factors of 23823.
3, 2647
List the prime factors of 110888.
2, 83, 167
List the prime factors of 16056.
2, 3, 223
List the prime factors of 3261.
3, 1087
What are the prime factors of 24297?
3, 7, 13, 89
List the prime factors of 28392.
2, 3, 7, 13
List the prime factors of 48180.
2, 3, 5, 11, 73
What are the prime factors of 1006?
2, 503
List the prime factors of 275.
5, 11
What are the prime factors of 156307?
156307
List the prime factors of 651.
3, 7, 31
What are the prime factors of 113153?
113153
What are the prime factors of 4484?
2, 19, 59
List the prime factors of 2559.
3, 853
What are the prime factors of 1619?
1619
List the prime factors of 111.
3, 37
List the prime factors of 163209.
3, 54403
List the prime factors of 33416.
2, 4177
What are the prime factors of 23063?
23063
What are the prime factors of 13898?
2, 6949
List the prime factors of 60805.
5, 12161
List the prime factors of 149.
149
What are the prime factors of 145958?
2, 19, 23, 167
List the prime factors of 44678.
2, 89, 251
List the prime factors of 1050.
2, 3, 5, 7
List the prime factors of 2193.
3, 17, 43
What are the prime factors of 34035?
3, 5, 2269
What are the prime factors of 10029?
3, 3343
What are the prime factors of 777?
3, 7, 37
List the prime factors of 150.
2, 3, 5
What are the prime factors of 11097?
3, 137
List the prime factors of 508.
2, 127
What are the prime factors of 6973?
19, 367
What are the prime factors of 3894?
2, 3, 11, 59
List the prime factors of 26000.
2, 5, 13
List the prime factors of 58613.
58613
What are the prime factors of 83?
83
What are the prime factors of 783?
3, 29
What are the prime factors of 6234?
2, 3, 1039
List the prime factors of 28686.
